v - 5*v + q = -2803. Let g = 999 + v. Is g a prime number?
False
Suppose 142280 = 7*b - 2*b. Let c = -13197 + b. Is c prime?
True
Let g be (4/(-8))/(3/(-24)). Suppose 2*s = -g*r + 3211 + 8431, -4*s = 5*r - 23290. Let a = s - 4024. Is a composite?
False
Let m(y) = -175*y**3 + 3*y**2 + 3*y + 1. Let s be m(-5). Let u = 47215 - s. Suppose 7*x - 20228 = 3*x + 2*g, 4*g + u = 5*x. Is x composite?
False
Is 1526/(-2289)*(-6)/(-8)*-46418 composite?
False
Let z(b) = b + 4. Let g be z(1). Suppose 3*t - 3 - 6 = -5*s, s - g*t - 13 = 0. Suppose -2*k - s*p = -472, 0 = -k + 4*p + p + 223. Is k prime?
True
Let u(b) = 7*b**2 + 193*b + 13. Let f(v) = -3*v**2 - v + 167. Let s be f(8). Is u(s) composite?
True
Suppose -3*y = s + 36027, -6*s + 2*s - 4*y - 144148 = 0. Is (s/(-9))/((-18)/(-27)) prime?
True
Let i = -42865 - -90882. Is i a composite number?
False
Suppose 3*z = -5*o + 4*o + 156985, -5*o = z - 784981. Is o a prime number?
False
Let x = 51 + -86. Let k = x + 31. Is 2/4*(-296)/k prime?
True
Let p(c) = -c - 15. Let m be -3 + (4 - (7 + 0)). Let s be p(m). Let u = 14 - s. Is u a composite number?
False
Suppose 38 = 16*c + 6. Suppose 0 = -s - 10*g + 13*g + 898, 4*s - c*g = 3562. Is s prime?
False
Suppose 11101 = 5*y - 9674. Suppose 2*m - 3*m - 22 = -2*n, 25 = 5*n. Is y - -3*16/m prime?
False
Suppose -4*n + 22 + 2 = 0. Let o(d) = 11*d**3 - 3*d - 6. Let i be o(n). Let z = -901 + i. Is z a composite number?
False
Let z = 50549 + 8784. Is z a composite number?
False
Let a be ((-4)/10)/((-1)/5). Let t be 5 - (-5 + (7 - 136)). Suppose a*n - 4*p - t = p, -3*n = p - 200. Is n prime?
True
Let h(p) = -p**3 - 7*p**2 - 5*p + 2. Let n be h(-6). Let z(m) = -m**2 - m + 9. Let k be z(n). Is 1/(-8)*-194*(1 - k) prime?
True
Suppose -22728823 = -191*s + 40*s - 106*s. Is s prime?
False
Is 20/(-40)*-157*794 prime?
False
Is (-106192)/(-4)*(-15)/(-20) a composite number?
True
Let k(b) = -28335*b + 3409. Is k(-42) a composite number?
True
Suppose -19*z + 10*z = -327825. Let k = -5058 + z. Is k a prime number?
False
Suppose -8 = -5*u + 3*u, 2*v - 14 = -u. Suppose -k = -5, 0 = -13*b + 12*b - v*k + 1086. Is b a composite number?
False
Let p be 5423/(-25) + -7 + (-519)/(-75). Suppose -2*b - 2*x = 618, 0 = -0*b + 3*b + 2*x + 926. Let t = p - b. Is t prime?
False
Is ((-85)/10 - -7)*(4 + 1 - 75667) a prime number?
False
Let w be -266 + ((-5)/(-4))/((-18)/72). Let s = 2926 - w. Is s a prime number?
False
Suppose -4*d - 16 = -q - 3*q, 3*d = 4*q - 8. Let t be (3 + -1)/(d/(-3820)). Suppose 4*f = -t + 4895. Is f composite?
True
Suppose z - 6 = -4. Suppose -3*l - 11*r = -16*r - 10, -3*l - 2*r + 17 = 0. Suppose 5*i + l*v - 1035 = 0, -2*i + z*v + 418 = 6*v. Is i prime?
False
Suppose 0 = 5*q, 5*q - 5 = -4*z - z. Let b be (-1)/((-2)/6*z). Suppose 1945 = 5*v + u, -2*v - b*u = -u - 778. Is v a composite number?
False
Let g = 488 - -3501. Is g a composite number?
False
Let h = -688296 + 1107334. Is h a prime number?
False
Suppose -546 + 1962 = 12*f. Suppose 18284 = -f*v + 122*v. Is v a prime number?
False
Let y be (-2)/(-10) + (-176)/(-20). Suppose r - 3*u = 4*r - y, 4*r - 26 = 3*u. Suppose -5*j + r*s = -2055, -3*j = 2*j + s - 2067. Is j a prime number?
False
Let d(u) = -u**3 + 15*u**2 - 14*u + 11. Let z be d(14). Suppose 112711 + 31180 = z*m. Is m composite?
True
Let o be ((-72)/84)/((-3)/14). Suppose 3*n - 2172 = -3*d, 0*d = o*n - 5*d - 2851. Is n composite?
False
Suppose -q - 4*u = -1, q - 5*q = -3*u + 72. Let p(g) = g + 31. Let r be p(q). Is (-1841)/(-2) + (-24)/r a prime number?
True
Suppose i - 40787 = 4*d, -40788 = -7*i + 6*i + 5*d. Is i a prime number?
False
Suppose -h + 3*i = -87692, 55*h + 2*i + 87691 = 56*h. Suppose -h = -24*t + 17*t. Is t composite?
False
Let w = 2878 - -26488. Is w composite?
True
Let b(c) = -c**2 + 16*c + 2. Let y be b(14). Suppose -z + 0*z - s = -24, -4*s = z - y. Is (2*z/2)/((-12)/(-102)) a prime number?
False
Let s(p) = 2624*p**3 + 22*p**2 - 22*p + 31. Is s(3) a composite number?
False
Let t = 60 - 51. Let y(a) = a**2 + 4*a - 4. Let u be y(7). Suppose -26 = -t*z + u. Is z a prime number?
True
Let j(m) = 2190*m**2 - 27*m + 1. Let t be j(-4). Suppose 0 = 4*d + 3*l - 52859, 0 = 4*d - 2*l - 17725 - t. Is d prime?
True
Let u = -347 + 349. Is 16/u - (2 - 38981) a composite number?
True
Suppose -4*s + 12 = -52. Suppose s*r - 1633 = 15*r. Is r a prime number?
False
Let s = -30658 - -48478. Let u = s - 1961. Is u prime?
True
Let i = -550 - 5462. Let m = 8831 + i. Is m a prime number?
True
Suppose -2*z = 2*u + 12, -2*z - 3 = -5*u + 9. Is (-36)/6*21269/z a composite number?
False
Suppose 16*u - 5 = 21*u, -2*u = -2*j + 213300. Is j a prime number?
True
Suppose -24*x + 45 + 165 = 66. Let p(w) = -54*w - 5. Let h(c) = 161*c + 15. Let d(b) = 6*h(b) + 17*p(b). Is d(x) prime?
True
Suppose -k = -2*i + 31124, 3 = -k + 1. Let d = 24652 - i. Is d a composite number?
False
Let g(h) = -h - 1036*h**2 + 0*h + 305*h**2 - 4. Let l be g(-2). Let z = -1589 - l. Is z a composite number?
True
Suppose 0*v - 2*v - 6 = 0, 4*v = 4*n - 28. Suppose n*j = 3*f - 0*j, 12 = 4*j. Suppose 2*b + 3*o - 332 = f*o, 5*b - o = 830. Is b prime?
False
Let a(i) = 68*i**3 + 3*i**2 - 3*i - 10. Let l be a(6). Is -2 + 2 + (l - 1) a composite number?
False
Let k(f) = -3*f + 1. Let r be k(-1). Let l(m) = 3*m**3 + m**2 + 11 - m**3 - m**3 - 1 - 2*m. Is l(r) a composite number?
True
Let y = 7992 - 1400. Suppose -2*l - 3*c = -y, -20*c + 6588 = 2*l - 15*c. Is l composite?
False
Suppose -g - 45*w = -44*w - 33048, -w = -4*g + 132197. Is g prime?
True
Is 1958049/12 + 74/8 + -11 prime?
True
Is ((-10)/(-30))/(10/(-419590))*-3 composite?
False
Let n be (0 - 2)*94260/(-8) - 4. Let y = 34588 - n. Is y composite?
False
Suppose 369*n - 378*n = -45. Suppose -2*t - 7*r + 2102 = -n*r, -r + 3149 = 3*t. Is t prime?
True
Let j(s) = -14*s**3 - s**2 - 21*s + 21. Let y be j(1). Is 10/y*(-19161)/6 a prime number?
True
Let t = 22569 + 100408. Is t a composite number?
True
Let r = 211975 - 9278. Is r a composite number?
True
Suppose 29 = 2*j + 5*g - 0*g, 2*j + 3*g - 27 = 0. Suppose -4*r = -4, -4*p + j = -r - 3*r. Suppose -2*x - p*x + 4722 = 0. Is x prime?
True
Is (-39804)/279*108318/(-16) + (-3)/(-2) composite?
True
Let n(a) = -524*a**3 + 12*a**2 + 4*a + 119. Is n(-8) a composite number?
True
Is 3*(16 + (-203371)/(-51)) prime?
True
Suppose 140030 = 7*d - 1823057. Is d a prime number?
False
Let c be (-109)/436 + (-8050)/(-8). Suppose 16*u = 19*u - 3, y + 3*u - c = 0. Is y a prime number?
False
Suppose -14126 - 8239 = -3*k. Let h = k - 4592. Is h a composite number?
True
Is (718987 - 61) + 5/1 composite?
False
Let a = -12699 - -21621. Suppose 4*s - a = -3*q, 3*q - 5948 = q + 2*s. Suppose r = x - 4*x + q, -2*x - 3*r = -1985. Is x a prime number?
True
Suppose 6*j + 4*j + 30 = 0. Let c be 7/j - (4/3)/(-4). Is 275/15 + 5/((-15)/c) a composite number?
False
Let i = -290 - -139. Let j(h) = -5*h + 285. Let y be j(9). Let o = i + y. Is o a composite number?
False
Let l(y) = 11506*y**2 - 115*y - 223. Is l(-2) a prime number?
False
Suppose -16 = 2*x, 6*x + 28341 = c + 7*x. Is c composite?
False
Suppose 346129 = 6*o + 13*o - 296584. Is o a prime number?
True
Let q(u) = 10*u**3 - 9*u**2 + 11*u - 19. Let c be q(6). Suppose c = -2*b + 5*r, 2*r + 6256 - 2502 = -4*b. Let g = 3374 + b. Is g prime?
False
Suppose -4*t + 4*v - 6 = v, v - 2 = t. Let q(s) = s + 287. Let u be q(t). Suppose 2*c - 2*m - 3*m - u = 0, -3*m = -3*c + 435. Is c a prime number?
False
Let r = 29946 - -6737. Is r a composite number?
False
Let o(s) = 96*s - 163. Let q be (-2)/(((-10)/330)/(2/6)). Is o(q) prime?
True
Let o(l) = 3*l + 2484. Let f be o(0). Suppose f + 1541 = 7*x. Suppose 11*p - 6*p - x = 0. Is p prime?
False
Let c = -28265 + 67944. Is c a composite number?
False
Is 2/((48/(-17407380))/(6/(-15))) prime?
False
Suppose 2*a - z = -2*a + 26309, 2*a + 3*z = 13151. Let x = a - 1518. Is x composite?
False
Let u(z) = 617*z + 92. Let f be u(22). Suppose 22755 = 5*b - 4*d, 5*d = 19*b - 16*b - f. Is b a composite number?
False
Suppose -210353 = -z - d, -87 + 63 = -4*d. Is z composite?
False
Is 1770896/16 + -15*2/3 a prime number?
False
Let a be 10 + 3 + 7 + -4. Let u(r) = -r**3 + 16*r**2 + 5*r + 47. Is u(a) a prime number?
True
Suppose -13*q = 2*m - 9*q - 74234, 0 = 5*m - q - 185607. Is m prime?
False